the prime factors of a.
5, 59
Let j(h) = 34*h - 1. List the prime factors of j(5).
13
Let k(t) = t - 6. Let z be ((-9)/2)/((-9)/12). Let l be k(z). Let j = l - -2. List the prime factors of j.
2
Let b(d) = 2*d**2 + 7*d + 1. List the prime factors of b(-6).
31
Suppose -10 = -4*d - 5*r, 8 = 3*d - 5*r - 17. Suppose 0*a - 155 = -d*a. Suppose -4*k + 2*z + 38 = -3*z, 3*k - 5*z = a. What are the prime factors of k?
7
Suppose 2 = -2*n, -3*h + 4*n - 2 = -0*h. List the prime factors of 3/h*40/(-15).
2
Let y = 76 + -12. What are the prime factors of y?
2
Let m(w) be the second derivative of w**6/360 - w**5/120 - w**4/6 + w. Let f(z) be the third derivative of m(z). What are the prime factors of f(4)?
7
Let g(n) = -n**2 + 6*n + 16. Let w be g(6). Let y(j) = j**3 + 7*j**2 + 4*j - 7. Let l be y(-6). Suppose l*k - w = k. List the prime factors of k.
2
Suppose 0 = 3*u + u - 144. List the prime factors of u.
2, 3
Let w(m) be the first derivative of m**5/60 - m**4/8 + 2*m**3/3 - m**2 - 2. Let a(r) be the second derivative of w(r). What are the prime factors of a(5)?
2, 7
Let o(d) = d**2 - 2. Let c be o(-2). Let w be (-34)/(-5) - (-1)/5. Let t = w + c. List the prime factors of t.
3
Let i(m) = 9*m**2 + m + 1. Let h be i(-1). Suppose 0 = -w - 5*t - 31, 0 = -0*w - 2*w + 4*t + 8. Let j = h + w. List the prime factors of j.
3
Suppose 345 = 2*x + x + w, -4*x + 2*w = -450. List the prime factors of x.
2, 3, 19
Let v = -6 - -8. Suppose 0*i + v*s + 22 = 4*i, i - 2*s - 13 = 0. Let r(h) = 2*h**2 - 3*h + 2. What are the prime factors of r(i)?
11
Suppose 0 = -v + 20 + 27. List the prime factors of v.
47
Let j = 139 + -96. What are the prime factors of j?
43
Suppose -3*n = 2*j - 208, n - 3*j - 71 = -4*j. What are the prime factors of n/12 - (-1)/2?
2, 3
Suppose -2*v = -v - 4*h - 20, -3*v + 102 = 2*h. List the prime factors of v.
2
Suppose 28*j = 32*j - 340. What are the prime factors of j?
5, 17
Let c(t) = -3*t. Let x be c(-1). Let d be ((-2)/x)/((-8)/12). Let j = 3 - d. What are the prime factors of j?
2
Let a(r) = r + 29. Let k be a(0). Suppose -4*z - k = -9. Let i = 8 + z. What are the prime factors of i?
3
Let f(w) = -w**2 + 11*w - 5. Let y be f(10). Suppose -42 + 192 = y*p. Suppose 4*x = p - 6. List the prime factors of x.
2, 3
Suppose 4*t + 4 = 2*o, o - 4 = 3*o - 2*t. Let k(r) = -2*r + 4. What are the prime factors of k(o)?
2
Let k be ((-48)/(-10))/((-6)/(-40)). Let u = 46 - k. What are the prime factors of u?
2, 7
Let q(p) = 60*p**3 - 2*p**2 - 1. What are the prime factors of q(1)?
3, 19
List the prime factors of ((-3)/5)/(1/(-35)).
3, 7
Let a(x) = 32*x + 10. Let h be a(3). Let d = h + -72. What are the prime factors of d?
2, 17
Suppose 2 = -y, 3*y = 2*a + 21 - 599. List the prime factors of a.
2, 11, 13
Let h(y) = 5*y**2 - 6*y + 13. What are the prime factors of h(4)?
3, 23
Let i be -2*-2*6 - -3. Suppose -2*d + i = -d. List the prime factors of d.
3
Let m = -8 - -13. Let d(n) = 7*n - 2. Let k(q) = -q - 1. Let l(x) = d(x) + 4*k(x). What are the prime factors of l(m)?
3
Let f be (6/8)/((-2)/(-8)). Suppose f*h = h + 12. What are the prime factors of h?
2, 3
Let j = -9 - -13. Let h = -1 + j. What are the prime factors of h?
3
Suppose 0 = t - 21 + 12. What are the prime factors of t?
3
Suppose 2*g - 3*w - 4 = 9, -4*w - 4 = 4*g. List the prime factors of (-84)/(-3) + -1 - g.
5
List the prime factors of 3 + (-11 + 3)/(-2).
7
Suppose -2*t + 17 = -z - 1, 5*t = -3*z - 76. What are the prime factors of -2 - (-1 - z/(-2))?
2, 5
Let g(a) = a + 2. Let j be g(2). Suppose -5*r + 4*p + 55 + 75 = 0, j*r = 5*p + 113. What are the prime factors of r?
2, 11
Suppose -2 = -3*r + 4. Suppose 5*w + 5 = 5*m, m = 3*w - 1 - r. Suppose 5*v - w*v = 6. List the prime factors of v.
2
Suppose -3*n + 15 = 0, 0*a - 4*a - 2*n = -18. Let k be (-1)/(-4) - 39/(-4). Suppose -10 - k = -a*d. List the prime factors of d.
2, 5
Let t = 26 - 14. Suppose -4*w = -w - t. What are the prime factors of w?
2
Let i = 5 + -6. Let n = i - -2. List the prime factors of 1*(n - -1) + 10.
2, 3
Suppose 10*z - 217 = 3*z. List the prime factors of z.
31
Let m(t) = t + 3. Let g be m(3). Let h = -33 + -49. What are the prime factors of (-3)/(-9) - h/g?
2, 7
Suppose -126 = -5*z + i, -2*i - 2 + 36 = z. What are the prime factors of z?
2, 13
Let u = -30 - -42. Let y = u + -1. Let q = 29 - y. List the prime factors of q.
2, 3
Let u(s) = -3*s**3 - s**2 + s + 4. List the prime factors of u(-4).
2, 11
List the prime factors of (3/(27/114))/((-6)/(-27)).
3, 19
Let g(y) = -y**3 - 7*y**2 + 5. Let o be g(-7). Suppose -91 - 39 = -o*c. Suppose 0 = -3*k + c + 7. What are the prime factors of k?
11
Suppose 139 = 3*q + 2*m, -3*q - 5*m = -4*q + 35. What are the prime factors of q?
3, 5
Suppose -2*x = 4*w + 16, -5*w - 23 = -0*x + x. Suppose 0 = x*j - 5*b + 11, 7*j - 4*b + 6 = 4*j. Suppose j*f - 20 = -0*f. What are the prime factors of f?
2, 5
Suppose -5*k - 85 = -5*c, 5*c - 32 - 23 = -k. Let n = 23 - c. What are the prime factors of n?
11
Suppose -9 = -2*c + 111. What are the prime factors of c?
2, 3, 5
Let y(g) = g**3 - g**2 - 2*g - 5. Let s be (4/12)/(1/12). Let n be y(s). Suppose 0 = 3*c + 2*c - n. List the prime factors of c.
7
Suppose -2*t + 9 = -0*t + 3*n, -3*t + 2*n = -7. Suppose 8*m = t*m - 3*r + 220, 0 = -3*r. Suppose 4*p - m = -4. What are the prime factors of p?
2, 5
Let b be 27/(-18)*(-4)/(-3). List the prime factors of (200/12)/(b/(-3)).
5
Suppose 15 = -4*q - 13. Let y be (-25)/q + (-24)/(-56). Suppose -y*g = -6 - 10. What are the prime factors of g?
2
Suppose 4*t - 199 - 159 = -2*l, -2*l + 403 = -5*t. List the prime factors of l.
3, 7
Suppose -6*s + 4*x + 131 = -3*s, -2*x + 138 = 4*s. List the prime factors of s.
37
Let s be 3 + 3 + 2*-1. Let x(q) = s - 4 - 6 + 4*q. List the prime factors of x(4).
2, 5
Suppose 3*v + u + 7 = 0, -4*v + 0 - 16 = 3*u. Suppose s = -n + 2, -4*s + 4*n + 6 = -s. Let c = s - v. List the prime factors of c.
3
Suppose 7*k - 6 = 4*k. What are the prime factors of k?
2
Let v(x) = -x**2 - 10*x - 4. Let a be (-1)/(3/(-18))*-1. List the prime factors of v(a).
2, 5
Let v(u) = u**3 + 5*u**2 - 7*u + 2. Suppose -2*t = -0*t - 4. Suppose t*l = c + 4, -l + 24 = -4*c + 1. What are the prime factors of v(c)?
2
Let r = -296 - -430. List the prime factors of r.
2, 67
Let a(n) = 4*n - 4. Let y be a(5). Let t = y + -11. What are the prime factors of t?
5
Suppose u - 53 - 50 = 0. What are the prime factors of u?
103
Suppose -5*s = 0, 0*p - 4*p = -2*s - 852. What are the prime factors of p?
3, 71
What are the prime factors of 2/11 + 823/11?
3, 5
Let z = 6 - 4. Let x(f) = -z + 3*f - 8*f + 2*f. What are the prime factors of x(-3)?
7
Let x = -23 + 41. What are the prime factors of x?
2, 3
Let s = 4 + -2. What are the prime factors of s?
2
Let i(j) = -20*j + 9. Let d(f) = -7*f + 3. Suppose 3 = -2*q - 3. Let o(l) = q*i(l) + 8*d(l). List the prime factors of o(5).
17
Let q = -4 - -2. Let v(w) = -w**3 - 2*w**2 + 2*w + 1. Let g be v(q). What are the prime factors of ((-2)/g)/((-3)/(-45))?
2, 5
Suppose -13 = -5*f - 3. Let w(k) = 2*k - 1. Let p be w(5). Let m = p + f. List the prime factors of m.
11
Let x be 2 + -2 + (-1 - -18). Let t = 9 - x. What are the prime factors of 268/16 + (-2)/t?
17
Suppose -3 = -2*d + 3*d, 3*d = -2*i + 19. What are the prime factors of i?
2, 7
Let v = -50 + 89. What are the prime factors of v?
3, 13
Let m = 2 + 3. What are the prime factors of -40*(-1)/(m/4)?
2
What are the prime factors of ((-2)/2)/(4/(-120))?
2, 3, 5
What are the prime factors of 1461/15 + 1 - (-6)/(-15)?
2, 7
List the prime factors of (-4)/(-10) + (7767/45 - -1).
2, 3, 29
Suppose 6 = 5*k + 3*a - 4, k - 3*a - 2 = 0. Suppose 4*v + 10 = k*y - 12, -2*y = -v - 34. List the prime factors of y.
19
Let h = -41 - -64. List the prime factors of (-1 - 0)*h/(-1).
23
Suppose 4 = s - 6. Suppose -5*a + s = -3*a. Let c = a - 2. List the prime factors of c.
3
Let z(m) = m**3 - 4*m**2 - 2*m - 4. Suppose 4*b + b = 25. List the prime factors of z(b).
11
Let a be 15/5*(1 + 1). Let l = a - 1. List the prime factors of l.
5
Let t(g) = g**2 - 11*g - 19. Let v be t(13). Let r be 4/2 - (-10)/1. Let x = r - v. What are the prime factors of x?
5
Suppose 5*t = -4*a - 21, 3*a + 12 + 1 = -t. Suppose 3 = 4*u - 5*u. What are the prime factors of 6 + t/u*3?
7
Let l(n) = -n